igit of l?
2
Let y(m) = m**3 - m**2 + m + 28. What is the tens digit of y(0)?
2
Let i = -12 - -22. What is the units digit of i?
0
Let m = 1 + -2. Let g be (5/2)/(m/2). Let t(y) = y**2 + 4*y + 1. What is the units digit of t(g)?
6
Let t(m) be the first derivative of 2*m**3/3 + m**2/2 - 1. Let z be t(-2). Suppose -z - 7 = 2*y - 3*w, -5*y + 5*w = 20. What is the units digit of y?
1
Let i = 122 + -77. What is the tens digit of i?
4
Suppose 0 = 5*y + d - 543, 3*y = 2*y + 2*d + 102. What is the tens digit of y?
0
Let j = -5 - -4. What is the tens digit of j/3 + 182/6?
3
Let k be -4 - -2 - 24/(-4). Suppose -2*p = r - 16, p - 2 - 6 = k*r. What is the units digit of p?
8
Let h be -3 + 168/4 + 0. Suppose -23 = -2*c + h. What is the tens digit of c?
3
Suppose -3*a - 2*n = -771, n + 42 = -4*a + 1075. What is the units digit of a?
9
Suppose 6*o - 128 = 52. What is the tens digit of o?
3
Suppose 3*z + 194 = -q + 3*q, -3*q - 6 = 0. Let i = 118 + z. Suppose 3*p + p = i. What is the units digit of p?
3
Suppose -40 = 5*b - 115. What is the tens digit of b?
1
Suppose 74 = 5*f - f - 2*c, f = 3*c + 16. What is the tens digit of f?
1
Suppose 4*d = -0*d - 4*g + 236, -4*d + 4*g = -212. What is the tens digit of d?
5
Let n(x) = -x**3 - 9*x**2 + 10*x + 2. Let t be n(-10). Let w be (-2 - 1/(-1)) + 3. Suppose -t*m + w = 2*z - 3*m, -6 = -z - 2*m. What is the units digit of z?
2
Suppose 0 = -5*h + 25, 4*a + 10*h = 5*h + 37. Suppose 2 + 1 = f, 15 = q - 5*f. Suppose q = 8*o - a*o. What is the units digit of o?
6
What is the units digit of (20/6)/((-2)/(-9))?
5
Suppose -3*y - 9 = 4*z, y = -2*z - 4 - 3. Let v = z - -9. What is the units digit of 6/(-2)*v/(-3)?
3
Suppose -180 = 4*b - 2*b. Let o = -41 - b. What is the units digit of o?
9
Let q(k) = -15*k - 1. Let x be q(5). What is the tens digit of x/(-5) + (-2)/10?
1
Let g(l) = -l**2 - 8*l + 8. Let u be g(-7). Suppose 2*p = 7*p - u. What is the units digit of p?
3
What is the units digit of 164*((-15)/4 + 4)?
1
Suppose 0 = -9*u + 4*u + 50. What is the units digit of u?
0
Let m = 22 + -9. Suppose -2*n + 9 = -m. What is the units digit of n?
1
What is the tens digit of 14*(-8)/20*-5?
2
Suppose -7 = -3*q + 4*p, 3 = 3*q - 2*p - 8. Suppose 4*d = -q*v + 16, -2*d - v + 22 = -2*v. What is the units digit of d?
9
Suppose d = -5*b + 3*b - 8, -3*d + 9 = -5*b. What is the tens digit of 4/(-3)*5*b?
2
Suppose 0 = 5*o - 44 - 276. What is the units digit of o?
4
Suppose 5*n = 3*a - 563, 3*n - 9 = -2*a + 360. What is the hundreds digit of a?
1
Let v(s) = s**3 + 3*s**2 + 2*s. Suppose 5*q + 4 = 3*q. Let x be v(q). What is the units digit of -5 - (-2 - x) - -6?
3
Suppose -5*f + 9 = 5*s - 11, -2*s = -4*f + 16. Suppose -f = -b + 3*b + 2*w, 0 = -3*w. Let a(m) = -4*m - 1. What is the units digit of a(b)?
7
Let q be 37/2 + (-6)/(-4). Suppose q = c + c. What is the units digit of c?
0
Suppose -a - 5*v = -2*a + 14, -4*a + 5*v + 41 = 0. What is the units digit of a?
9
Let h = 241 - 113. What is the units digit of h?
8
What is the units digit of 43*4*(-3)/(-12)?
3
Let n = -1 + 28. What is the units digit of n?
7
Let b(o) be the first derivative of o**2 - 4*o + 1. Suppose 0*g - g + 16 = -5*v, -3*v = -5*g + 36. What is the units digit of b(g)?
8
Let j be 24/(-15)*(-10)/4. Suppose c + 3*s = 2*s + 15, 3*s + 39 = j*c. What is the tens digit of c?
1
Let v(g) = 4*g - 2*g**3 + 7*g + 3*g**3 + 7 - 10*g**2. What is the tens digit of v(9)?
2
Let w = -60 - -101. What is the tens digit of w?
4
Suppose -2*z + 21 = 3*u + 2*z, 0 = -4*u - 3*z + 35. What is the units digit of u?
1
Suppose 5*j = -2*p + 1084, 0*j + 3*j - 663 = 3*p. What is the hundreds digit of j?
2
Suppose 5*h + 0*i = 2*i + 15, -i - 10 = -3*h. What is the units digit of ((-10)/(-1))/(h/20)?
0
Suppose -5 = 3*a - 56. What is the tens digit of a?
1
Suppose 0 = -3*y + 9*y - 1026. What is the units digit of y?
1
Let z be (-135)/(-6)*4/5. Let u = -25 + z. Let f = 16 + u. What is the units digit of f?
9
Let s(u) = -3*u**3 - u**2 + 1. Let a be s(-1). Suppose 0 = -k + i + 10, 0*i - a*i + 3 = 0. What is the units digit of k?
1
Suppose 0 = -8*i + 7*i + 32. What is the units digit of i?
2
Let g(j) = j**3 - 14*j**2 + 4*j - 5. What is the units digit of g(14)?
1
What is the hundreds digit of (-60)/20 + (-109)/(-1)?
1
Let v(c) = -c + 8. What is the units digit of v(4)?
4
What is the units digit of 17 + (12/(-4) - 1)?
3
Let u be 1 - 1 - (-1 + -1). Let b = -2 + u. Suppose b = -w - 4*w + 40. What is the units digit of w?
8
Let q(n) = 7 - n**3 + 9*n - n**2 - 3 - 6*n**2 - 2*n. What is the tens digit of q(-8)?
1
Let f = 674 - 360. What is the tens digit of f?
1
Suppose -3*z - 2*z - 60 = -5*s, 4 = -z. Let q(c) = 3*c**2 + 3*c**3 - s*c + 4*c**2 + 10 - 2*c**3. What is the tens digit of q(-8)?
1
Let t be 46/(6/(-5 + 2)). What is the units digit of 7/((-28)/(-16)) - t?
7
Let z be 2/(-5) - (-68)/20. Suppose m = -4, z*q - 32 = 6*m - m. What is the tens digit of q/10 - 146/(-10)?
1
Let h = 1 - 1. Let x = 2 - h. Suppose -x*u - u = 4*c - 24, 2*c = u - 8. What is the units digit of u?
8
Let k = 1 + -2. Let b = -1 - k. Suppose 3*u - 5*u + 16 = b. What is the units digit of u?
8
Let u = 324 - 160. What is the units digit of u?
4
Let b(f) = -f**3 - 5*f**2 + 5*f - 5. Let t = -35 - -55. Let p be 10/15 + t/(-3). What is the units digit of b(p)?
1
What is the tens digit of 29 - 3/3 - 2?
2
Suppose 0 = -k - 3*k. Suppose 4*i = 2*t + i - 10, k = t - 5*i + 2. Suppose 3*y - 4*y = -t. What is the units digit of y?
8
Let g(l) = -l**3 - 3*l**2 + 5*l + 11. What is the units digit of g(-6)?
9
Suppose 3*p + 4 = -p + 5*f, -2*p - f = -12. Suppose -59 = p*r - 223. What is the tens digit of r?
4
Let x(w) = -11*w - 14. What is the hundreds digit of x(-16)?
1
Suppose 2*y + 4*i = -0*y + 4, -4 = y - 4*i. Suppose w + 3*w - 8 = 0. Suppose -w*v + 5*m + 26 = 0, 3*v - 39 = -y*v - 4*m. What is the units digit of v?
3
Let o = -4 + 1. Let c(d) = -d**2 - 2*d - 1. Let r be c(o). What is the units digit of r/6*(-27)/2?
9
Let m(d) = -7*d + 2. Let i be (-3)/(-6)*-2 + -2. What is the units digit of m(i)?
3
Let n = -1 - -1. Suppose -r - r + 2 = n. What is the units digit of r?
1
Let o be ((-9)/(-6) - 1)*8. Suppose o - 24 = -t. Suppose -5*b + t = -3*b. What is the tens digit of b?
1
Suppose z + 2*z - 9 = 4*n, 2*z + 3*n = 6. Let u be (-81)/15 + z/(-5). Let w(k) = -k**2 - 7*k + 1. What is the units digit of w(u)?
7
Suppose -29 = -3*h - 5*u, -39 - 10 = -3*h + 5*u. What is the tens digit of h?
1
Let q = 6 - 3. Suppose 0 = 4*x - q*v - 16, 0*v - 8 = -2*x - v. Suppose k = -x*k + 100. What is the tens digit of k?
2
Let t = 482 - 341. What is the units digit of t?
1
Let y = 18 - -12. What is the tens digit of y/2 - (4 - 2)?
1
Suppose 2*f - 15 = -3*f. Suppose f*h + h - 8 = 0. Suppose c - 2*o = -4, -3*c + 3*o = -h*o + 7. What is the units digit of c?
6
Suppose 0 = -7*n + 2*n. Suppose 4*t = -5*v - 24, -4*v = 4*t - n*v + 20. What is the units digit of (-1 + 1 - 4)/t?
4
Suppose -4*q - 7 = -5*i + 15, 0 = -i + 4*q + 14. Let y be (-20)/(-1) + -1 + 2. Suppose -7 = -i*w + y. What is the tens digit of w?
1
Suppose -10*r = -5*r - 35. What is the units digit of r?
7
Let h be 11/(-6) - 1/6. Let j(r) = -2*r**3 - r**2 - 4*r - 3. Let s be j(h). Suppose 47 = 3*k + s. What is the units digit of k?
0
Let y(w) = w**3 + 7*w**2 - 5*w + 9. What is the units digit of y(-5)?
4
Let v be (-1)/(-3) + (-40)/(-15). Suppose v*r - 2*d - 105 = d, -3*r - 5*d + 129 = 0. What is the tens digit of r?
3
Suppose h + 0*n - 3 = 4*n, -h + 5*n + 3 = 0. What is the units digit of 1 - (h + 1 + -4)?
1
What is the tens digit of 2 + -6*1*-15?
9
Let v be -1 + 3/((-6)/(-4)). Let k(t) = 4*t**2 + t**3 - 2*t - 2 - 3 + 3 - v. What is the units digit of k(-4)?
5
Let o(j) = 1 + 0 + j + 1 - 1. Let w be o(3). Suppose -w*c + 3 = -49. What is the tens digit of c?
1
Let w = 3 + 0. Suppose 0 = 2*c - w*c. Suppose c*d - 16 = -d. What is the units digit of d?
6
Let p(m) = m**2 - 2*m**3 - 3 + 2 + 0*m**3. Let b be p(-1). Suppose -o + 0*k - b = -4*k, -o + 3*k = -2. What is the tens digit of o?
1
Suppose 3*t = 4*u + 5*t + 8, -2*u + t = 4. What is the tens digit of 11 + (u - 1) + 2?
1
Let v(y) be the first derivative of -9*y**2/2 - y - 1. Suppose -4*x + 2*f - 10 = -0*f, 0 = x + 2*f. What is the units digit of v(x)?
7
Let a(y) = 2*y**2 - 3*y - 2. Suppose 2